{"id":1184,"date":"2017-09-14T10:43:12","date_gmt":"2017-09-14T10:43:12","guid":{"rendered":"http:\/\/pozytywni.com.pl\/cms\/index.php\/about-us\/"},"modified":"2026-04-16T12:30:23","modified_gmt":"2026-04-16T12:30:23","slug":"zespol","status":"publish","type":"page","link":"https:\/\/pozytywni.com.pl\/cms\/index.php\/zespol\/","title":{"rendered":"Zesp\u00f3\u0142"},"content":{"rendered":"\t\t<div data-elementor-type=\"wp-post\" data-elementor-id=\"1184\" class=\"elementor elementor-1184\">\n\t\t\t\t\t\t<section class=\"elementor-section elementor-top-section elementor-element elementor-element-b5fb0ec elementor-section-boxed elementor-section-height-default elementor-section-height-default\" data-id=\"b5fb0ec\" data-element_type=\"section\" data-settings=\"{&quot;background_background&quot;:&quot;classic&quot;}\">\n\t\t\t\t\t\t\t<div class=\"elementor-background-overlay\"><\/div>\n\t\t\t\t\t\t\t<div class=\"elementor-container elementor-column-gap-no\">\n\t\t\t\t\t<div class=\"elementor-column elementor-col-100 elementor-top-column elementor-element elementor-element-c2a180d\" data-id=\"c2a180d\" data-element_type=\"column\">\n\t\t\t<div class=\"elementor-widget-wrap\">\n\t\t\t\t\t\t\t<\/div>\n\t\t<\/div>\n\t\t\t\t\t<\/div>\n\t\t<\/section>\n\t\t\t\t<section class=\"elementor-section elementor-top-section elementor-element elementor-element-536914d elementor-section-content-middle elementor-section-boxed elementor-section-height-default elementor-section-height-default\" data-id=\"536914d\" data-element_type=\"section\" data-settings=\"{&quot;background_background&quot;:&quot;classic&quot;}\">\n\t\t\t\t\t\t<div class=\"elementor-container elementor-column-gap-no\">\n\t\t\t\t\t<div class=\"elementor-column elementor-col-100 elementor-top-column elementor-element elementor-element-cd93d28\" data-id=\"cd93d28\" data-element_type=\"column\">\n\t\t\t<div class=\"elementor-widget-wrap elementor-element-populated\">\n\t\t\t\t\t\t<div class=\"elementor-element elementor-element-aa6f5b1 elementor-widget elementor-widget-text-editor\" data-id=\"aa6f5b1\" data-element_type=\"widget\" data-widget_type=\"text-editor.default\">\n\t\t\t\t<div class=\"elementor-widget-container\">\n\t\t\t<style>\/*! elementor - v3.20.0 - 20-03-2024 *\/\n.elementor-widget-text-editor.elementor-drop-cap-view-stacked .elementor-drop-cap{background-color:#69727d;color:#fff}.elementor-widget-text-editor.elementor-drop-cap-view-framed .elementor-drop-cap{color:#69727d;border:3px solid;background-color:transparent}.elementor-widget-text-editor:not(.elementor-drop-cap-view-default) .elementor-drop-cap{margin-top:8px}.elementor-widget-text-editor:not(.elementor-drop-cap-view-default) .elementor-drop-cap-letter{width:1em;height:1em}.elementor-widget-text-editor .elementor-drop-cap{float:left;text-align:center;line-height:1;font-size:50px}.elementor-widget-text-editor .elementor-drop-cap-letter{display:inline-block}<\/style>\t\t\t\t<h3 class=\"\" style=\"font-style: normal; caret-color: #000000; color: #000000;\" data-start=\"232\" data-end=\"297\"><strong data-start=\"236\" data-end=\"297\">Poznaj nasz zesp\u00f3\u0142 \u2013 serce Pozytywnych w Nieruchomo\u015bciach<\/strong><\/h3><p class=\"\" style=\"font-style: normal; caret-color: #000000; color: #000000;\" data-start=\"299\" data-end=\"681\">Za sukcesem ka\u017cdej udanej transakcji stoj\u0105 ludzie \u2013 pe\u0142ni pasji, zaanga\u017cowania i pozytywnej energii. W\u0142a\u015bnie tacy jeste\u015bmy. Zesp\u00f3\u0142\u00a0<strong data-start=\"430\" data-end=\"464\">Pozytywnych w Nieruchomo\u015bciach<\/strong>\u00a0to grupa do\u015bwiadczonych profesjonalist\u00f3w, kt\u00f3rych \u0142\u0105czy nie tylko zami\u0142owanie do nieruchomo\u015bci, ale przede wszystkim ch\u0119\u0107 pomagania ludziom w realizacji ich marze\u0144 o idealnym miejscu do \u017cycia czy prowadzenia biznesu.<\/p><h3 class=\"\" style=\"font-style: normal; caret-color: #000000; color: #000000;\" data-start=\"683\" data-end=\"717\">\ud83d\udcbc Kompetencje i do\u015bwiadczenie<\/h3><p class=\"\" style=\"font-style: normal; caret-color: #000000; color: #000000;\" data-start=\"719\" data-end=\"1060\">Ka\u017cdy z naszych doradc\u00f3w to ekspert w swojej dziedzinie \u2013 z bogat\u0105 wiedz\u0105 o rynku, doskona\u0142ym wyczuciem trend\u00f3w i umiej\u0119tno\u015bci\u0105 skutecznego negocjowania. Niezale\u017cnie od tego, czy szukasz mieszkania w centrum, domu na obrze\u017cach, czy lokalu inwestycyjnego \u2013 mo\u017cesz liczy\u0107 na profesjonalne wsparcie i kompleksow\u0105 obs\u0142ug\u0119 na najwy\u017cszym poziomie.<\/p><h3 class=\"\" style=\"font-style: normal; caret-color: #000000; color: #000000;\" data-start=\"1062\" data-end=\"1092\">\ud83d\udc9b Ludzie z pasj\u0105 i sercem<\/h3><p class=\"\" style=\"font-style: normal; caret-color: #000000; color: #000000;\" data-start=\"1094\" data-end=\"1400\">To, co nas wyr\u00f3\u017cnia, to nie tylko do\u015bwiadczenie \u2013 ale spos\u00f3b, w jaki pracujemy. Z \u017cyczliwo\u015bci\u0105, uwa\u017cno\u015bci\u0105 i autentycznym zaanga\u017cowaniem. Ka\u017cdy klient jest dla nas wa\u017cny \u2013 i traktujemy go tak, jak sami chcieliby\u015bmy by\u0107 traktowani. Tworzymy atmosfer\u0119 wsp\u00f3\u0142pracy opart\u0105 na zaufaniu, otwarto\u015bci i&#8230; u\u015bmiechu!<\/p><h3 class=\"\" style=\"font-style: normal; caret-color: #000000; color: #000000;\" data-start=\"1402\" data-end=\"1435\">\ud83c\udf1f Zgrany zesp\u00f3\u0142, wsp\u00f3lny cel<\/h3><p class=\"\" style=\"font-style: normal; caret-color: #000000; color: #000000;\" data-start=\"1437\" data-end=\"1713\">Cho\u0107 ka\u017cdy z nas ma swoj\u0105 specjalizacj\u0119, tworzymy jeden, zgrany organizm. Wsp\u00f3lnie dzia\u0142amy na rzecz naszych klient\u00f3w, wspieramy si\u0119 nawzajem i dzielimy do\u015bwiadczeniem. Dzi\u0119ki temu ka\u017cda transakcja przebiega p\u0142ynnie, profesjonalnie i \u2013 co najwa\u017cniejsze \u2013 z pozytywnym efektem!<\/p><hr class=\"\" style=\"font-style: normal;\" data-start=\"1715\" data-end=\"1718\" \/><p class=\"\" style=\"font-style: normal; caret-color: #000000; color: #000000;\" data-start=\"1720\" data-end=\"1854\"><strong data-start=\"1720\" data-end=\"1777\">Z nami mo\u017cesz by\u0107 pewien, \u017ce jeste\u015b w dobrych r\u0119kach.<\/strong><br data-start=\"1777\" data-end=\"1780\" \/><strong data-start=\"1780\" data-end=\"1854\">Pozytywni w Nieruchomo\u015bciach \u2013 zesp\u00f3\u0142, kt\u00f3ry naprawd\u0119 dzia\u0142a z sercem.<\/strong><\/p><hr class=\"\" style=\"font-style: normal;\" data-start=\"1856\" data-end=\"1859\" \/>\t\t\t\t\t\t<\/div>\n\t\t\t\t<\/div>\n\t\t\t\t\t<\/div>\n\t\t<\/div>\n\t\t\t\t\t<\/div>\n\t\t<\/section>\n\t\t\t\t<section class=\"elementor-section elementor-top-section elementor-element elementor-element-b8cea39 elementor-section-boxed elementor-section-height-default elementor-section-height-default\" data-id=\"b8cea39\" data-element_type=\"section\" data-settings=\"{&quot;background_background&quot;:&quot;classic&quot;}\">\n\t\t\t\t\t\t<div class=\"elementor-container elementor-column-gap-no\">\n\t\t\t\t\t<div class=\"elementor-column elementor-col-100 elementor-top-column elementor-element elementor-element-17002b5\" data-id=\"17002b5\" data-element_type=\"column\">\n\t\t\t<div class=\"elementor-widget-wrap elementor-element-populated\">\n\t\t\t\t\t\t<section class=\"elementor-section elementor-inner-section elementor-element elementor-element-f49117a elementor-section-boxed elementor-section-height-default elementor-section-height-default\" data-id=\"f49117a\" data-element_type=\"section\">\n\t\t\t\t\t\t<div class=\"elementor-container elementor-column-gap-no\">\n\t\t\t\t\t<div class=\"elementor-column elementor-col-33 elementor-inner-column elementor-element elementor-element-1e8283b\" data-id=\"1e8283b\" data-element_type=\"column\">\n\t\t\t<div class=\"elementor-widget-wrap elementor-element-populated\">\n\t\t\t\t\t\t<div class=\"elementor-element elementor-element-6c9d370 elementor-widget__width-initial elementor-widget elementor-widget-image\" data-id=\"6c9d370\" data-element_type=\"widget\" data-widget_type=\"image.default\">\n\t\t\t\t<div class=\"elementor-widget-container\">\n\t\t\t<style>\/*! elementor - v3.20.0 - 20-03-2024 *\/\n.elementor-widget-image{text-align:center}.elementor-widget-image a{display:inline-block}.elementor-widget-image a img[src$=\".svg\"]{width:48px}.elementor-widget-image img{vertical-align:middle;display:inline-block}<\/style>\t\t\t\t\t\t\t\t\t\t<img fetchpriority=\"high\" decoding=\"async\" width=\"1024\" height=\"1024\" src=\"https:\/\/pozytywni.com.pl\/cms\/wp-content\/uploads\/2026\/04\/Lukasz-1024x1024.png\" class=\"attachment-large size-large wp-image-1483\" alt=\"\" srcset=\"https:\/\/pozytywni.com.pl\/cms\/wp-content\/uploads\/2026\/04\/Lukasz-1024x1024.png 1024w, https:\/\/pozytywni.com.pl\/cms\/wp-content\/uploads\/2026\/04\/Lukasz-300x300.png 300w, https:\/\/pozytywni.com.pl\/cms\/wp-content\/uploads\/2026\/04\/Lukasz-150x150.png 150w, https:\/\/pozytywni.com.pl\/cms\/wp-content\/uploads\/2026\/04\/Lukasz-768x768.png 768w, https:\/\/pozytywni.com.pl\/cms\/wp-content\/uploads\/2026\/04\/Lukasz-1536x1536.png 1536w, https:\/\/pozytywni.com.pl\/cms\/wp-content\/uploads\/2026\/04\/Lukasz.png 2048w\" sizes=\"(max-width: 1024px) 100vw, 1024px\" \/>\t\t\t\t\t\t\t\t\t\t\t\t\t<\/div>\n\t\t\t\t<\/div>\n\t\t\t\t<div class=\"elementor-element elementor-element-63b70e2 elementor-widget elementor-widget-image-box\" data-id=\"63b70e2\" data-element_type=\"widget\" data-widget_type=\"image-box.default\">\n\t\t\t\t<div class=\"elementor-widget-container\">\n\t\t\t<style>\/*! elementor - v3.20.0 - 20-03-2024 *\/\n.elementor-widget-image-box .elementor-image-box-content{width:100%}@media (min-width:768px){.elementor-widget-image-box.elementor-position-left .elementor-image-box-wrapper,.elementor-widget-image-box.elementor-position-right .elementor-image-box-wrapper{display:flex}.elementor-widget-image-box.elementor-position-right .elementor-image-box-wrapper{text-align:right;flex-direction:row-reverse}.elementor-widget-image-box.elementor-position-left .elementor-image-box-wrapper{text-align:left;flex-direction:row}.elementor-widget-image-box.elementor-position-top .elementor-image-box-img{margin:auto}.elementor-widget-image-box.elementor-vertical-align-top .elementor-image-box-wrapper{align-items:flex-start}.elementor-widget-image-box.elementor-vertical-align-middle .elementor-image-box-wrapper{align-items:center}.elementor-widget-image-box.elementor-vertical-align-bottom .elementor-image-box-wrapper{align-items:flex-end}}@media (max-width:767px){.elementor-widget-image-box .elementor-image-box-img{margin-left:auto!important;margin-right:auto!important;margin-bottom:15px}}.elementor-widget-image-box .elementor-image-box-img{display:inline-block}.elementor-widget-image-box .elementor-image-box-title a{color:inherit}.elementor-widget-image-box .elementor-image-box-wrapper{text-align:center}.elementor-widget-image-box .elementor-image-box-description{margin:0}<\/style><div class=\"elementor-image-box-wrapper\"><div class=\"elementor-image-box-content\"><h3 class=\"elementor-image-box-title\">\u0141ukasz Czarny<\/h3><p class=\"elementor-image-box-description\">W\u0142a\u015bciciel<\/p><\/div><\/div>\t\t<\/div>\n\t\t\t\t<\/div>\n\t\t\t\t\t<\/div>\n\t\t<\/div>\n\t\t\t\t<div class=\"elementor-column elementor-col-33 elementor-inner-column elementor-element elementor-element-4352ca4\" data-id=\"4352ca4\" data-element_type=\"column\">\n\t\t\t<div class=\"elementor-widget-wrap elementor-element-populated\">\n\t\t\t\t\t\t<div class=\"elementor-element elementor-element-b763d93 elementor-widget__width-initial elementor-widget elementor-widget-image\" data-id=\"b763d93\" data-element_type=\"widget\" data-widget_type=\"image.default\">\n\t\t\t\t<div class=\"elementor-widget-container\">\n\t\t\t\t\t\t\t\t\t\t\t\t\t<img decoding=\"async\" width=\"960\" height=\"960\" src=\"https:\/\/pozytywni.com.pl\/cms\/wp-content\/uploads\/2023\/05\/fotka.jpg\" class=\"attachment-large size-large wp-image-1214\" alt=\"\" srcset=\"https:\/\/pozytywni.com.pl\/cms\/wp-content\/uploads\/2023\/05\/fotka.jpg 960w, https:\/\/pozytywni.com.pl\/cms\/wp-content\/uploads\/2023\/05\/fotka-300x300.jpg 300w, https:\/\/pozytywni.com.pl\/cms\/wp-content\/uploads\/2023\/05\/fotka-150x150.jpg 150w, https:\/\/pozytywni.com.pl\/cms\/wp-content\/uploads\/2023\/05\/fotka-768x768.jpg 768w\" sizes=\"(max-width: 960px) 100vw, 960px\" \/>\t\t\t\t\t\t\t\t\t\t\t\t\t<\/div>\n\t\t\t\t<\/div>\n\t\t\t\t<div class=\"elementor-element elementor-element-a6a7cc4 elementor-widget elementor-widget-image-box\" data-id=\"a6a7cc4\" data-element_type=\"widget\" data-widget_type=\"image-box.default\">\n\t\t\t\t<div class=\"elementor-widget-container\">\n\t\t\t<div class=\"elementor-image-box-wrapper\"><div class=\"elementor-image-box-content\"><h3 class=\"elementor-image-box-title\">Dawid Porembski<\/h3><p class=\"elementor-image-box-description\">W\u0142a\u015bciciel<\/p><\/div><\/div>\t\t<\/div>\n\t\t\t\t<\/div>\n\t\t\t\t\t<\/div>\n\t\t<\/div>\n\t\t\t\t<div class=\"elementor-column elementor-col-33 elementor-inner-column elementor-element elementor-element-15f9155\" data-id=\"15f9155\" data-element_type=\"column\">\n\t\t\t<div class=\"elementor-widget-wrap elementor-element-populated\">\n\t\t\t\t\t\t<div class=\"elementor-element elementor-element-c724941 elementor-widget__width-initial elementor-widget elementor-widget-image\" data-id=\"c724941\" data-element_type=\"widget\" data-widget_type=\"image.default\">\n\t\t\t\t<div class=\"elementor-widget-container\">\n\t\t\t\t\t\t\t\t\t\t\t\t\t<img decoding=\"async\" width=\"1004\" height=\"1024\" src=\"https:\/\/pozytywni.com.pl\/cms\/wp-content\/uploads\/2026\/04\/Piotr-1004x1024.png\" class=\"attachment-large size-large wp-image-1482\" alt=\"\" srcset=\"https:\/\/pozytywni.com.pl\/cms\/wp-content\/uploads\/2026\/04\/Piotr-1004x1024.png 1004w, https:\/\/pozytywni.com.pl\/cms\/wp-content\/uploads\/2026\/04\/Piotr-294x300.png 294w, https:\/\/pozytywni.com.pl\/cms\/wp-content\/uploads\/2026\/04\/Piotr-768x783.png 768w, https:\/\/pozytywni.com.pl\/cms\/wp-content\/uploads\/2026\/04\/Piotr-1506x1536.png 1506w, https:\/\/pozytywni.com.pl\/cms\/wp-content\/uploads\/2026\/04\/Piotr.png 2008w\" sizes=\"(max-width: 1004px) 100vw, 1004px\" \/>\t\t\t\t\t\t\t\t\t\t\t\t\t<\/div>\n\t\t\t\t<\/div>\n\t\t\t\t<div class=\"elementor-element elementor-element-ed7cff6 elementor-widget elementor-widget-image-box\" data-id=\"ed7cff6\" data-element_type=\"widget\" data-widget_type=\"image-box.default\">\n\t\t\t\t<div class=\"elementor-widget-container\">\n\t\t\t<div class=\"elementor-image-box-wrapper\"><div class=\"elementor-image-box-content\"><h3 class=\"elementor-image-box-title\">Piotr Malicki<\/h3><p class=\"elementor-image-box-description\">Ekspert finansowy<\/p><\/div><\/div>\t\t<\/div>\n\t\t\t\t<\/div>\n\t\t\t\t\t<\/div>\n\t\t<\/div>\n\t\t\t\t\t<\/div>\n\t\t<\/section>\n\t\t\t\t<section class=\"elementor-section elementor-inner-section elementor-element elementor-element-cc85c44 elementor-section-boxed elementor-section-height-default elementor-section-height-default\" data-id=\"cc85c44\" data-element_type=\"section\">\n\t\t\t\t\t\t<div class=\"elementor-container elementor-column-gap-no\">\n\t\t\t\t\t<div class=\"elementor-column elementor-col-33 elementor-inner-column elementor-element elementor-element-66a4ed8\" data-id=\"66a4ed8\" data-element_type=\"column\">\n\t\t\t<div class=\"elementor-widget-wrap elementor-element-populated\">\n\t\t\t\t\t\t<div class=\"elementor-element elementor-element-c8ed53d elementor-widget__width-initial elementor-widget elementor-widget-image\" data-id=\"c8ed53d\" data-element_type=\"widget\" data-widget_type=\"image.default\">\n\t\t\t\t<div class=\"elementor-widget-container\">\n\t\t\t\t\t\t\t\t\t\t\t\t\t<img loading=\"lazy\" decoding=\"async\" width=\"856\" height=\"1024\" src=\"https:\/\/pozytywni.com.pl\/cms\/wp-content\/uploads\/2026\/04\/Emilia-wizytowka-856x1024.jpeg\" class=\"attachment-large size-large wp-image-1471\" alt=\"\" srcset=\"https:\/\/pozytywni.com.pl\/cms\/wp-content\/uploads\/2026\/04\/Emilia-wizytowka-856x1024.jpeg 856w, https:\/\/pozytywni.com.pl\/cms\/wp-content\/uploads\/2026\/04\/Emilia-wizytowka-251x300.jpeg 251w, https:\/\/pozytywni.com.pl\/cms\/wp-content\/uploads\/2026\/04\/Emilia-wizytowka-768x919.jpeg 768w, https:\/\/pozytywni.com.pl\/cms\/wp-content\/uploads\/2026\/04\/Emilia-wizytowka.jpeg 1024w\" sizes=\"(max-width: 856px) 100vw, 856px\" \/>\t\t\t\t\t\t\t\t\t\t\t\t\t<\/div>\n\t\t\t\t<\/div>\n\t\t\t\t<div class=\"elementor-element elementor-element-2d8766a elementor-widget elementor-widget-image-box\" data-id=\"2d8766a\" data-element_type=\"widget\" data-widget_type=\"image-box.default\">\n\t\t\t\t<div class=\"elementor-widget-container\">\n\t\t\t<div class=\"elementor-image-box-wrapper\"><div class=\"elementor-image-box-content\"><h3 class=\"elementor-image-box-title\">Emilia Warchulska<\/h3><p class=\"elementor-image-box-description\">Specjalista ds. nieruchomo\u015bci<\/p><\/div><\/div>\t\t<\/div>\n\t\t\t\t<\/div>\n\t\t\t\t\t<\/div>\n\t\t<\/div>\n\t\t\t\t<div class=\"elementor-column elementor-col-33 elementor-inner-column elementor-element elementor-element-9c26265\" data-id=\"9c26265\" data-element_type=\"column\">\n\t\t\t<div class=\"elementor-widget-wrap elementor-element-populated\">\n\t\t\t\t\t\t<div class=\"elementor-element elementor-element-bccd4f2 elementor-widget__width-initial elementor-widget elementor-widget-image\" data-id=\"bccd4f2\" data-element_type=\"widget\" data-widget_type=\"image.default\">\n\t\t\t\t<div class=\"elementor-widget-container\">\n\t\t\t\t\t\t\t\t\t\t\t\t\t<img loading=\"lazy\" decoding=\"async\" width=\"583\" height=\"705\" src=\"https:\/\/pozytywni.com.pl\/cms\/wp-content\/uploads\/2026\/04\/Michal.png\" class=\"attachment-large size-large wp-image-1478\" alt=\"\" srcset=\"https:\/\/pozytywni.com.pl\/cms\/wp-content\/uploads\/2026\/04\/Michal.png 583w, https:\/\/pozytywni.com.pl\/cms\/wp-content\/uploads\/2026\/04\/Michal-248x300.png 248w\" sizes=\"(max-width: 583px) 100vw, 583px\" \/>\t\t\t\t\t\t\t\t\t\t\t\t\t<\/div>\n\t\t\t\t<\/div>\n\t\t\t\t<div class=\"elementor-element elementor-element-d6d9022 elementor-widget elementor-widget-image-box\" data-id=\"d6d9022\" data-element_type=\"widget\" data-widget_type=\"image-box.default\">\n\t\t\t\t<div class=\"elementor-widget-container\">\n\t\t\t<div class=\"elementor-image-box-wrapper\"><div class=\"elementor-image-box-content\"><h3 class=\"elementor-image-box-title\">Micha\u0142 Seku\u0142a<\/h3><p class=\"elementor-image-box-description\">Specjalista ds. nieruchomo\u015bci<\/p><\/div><\/div>\t\t<\/div>\n\t\t\t\t<\/div>\n\t\t\t\t\t<\/div>\n\t\t<\/div>\n\t\t\t\t<div class=\"elementor-column elementor-col-33 elementor-inner-column elementor-element elementor-element-b29cde8\" data-id=\"b29cde8\" data-element_type=\"column\">\n\t\t\t<div class=\"elementor-widget-wrap elementor-element-populated\">\n\t\t\t\t\t\t<div class=\"elementor-element elementor-element-6199a0c elementor-widget elementor-widget-image-box\" data-id=\"6199a0c\" data-element_type=\"widget\" data-widget_type=\"image-box.default\">\n\t\t\t\t<div class=\"elementor-widget-container\">\n\t\t\t<div class=\"elementor-image-box-wrapper\"><\/div>\t\t<\/div>\n\t\t\t\t<\/div>\n\t\t\t\t\t<\/div>\n\t\t<\/div>\n\t\t\t\t\t<\/div>\n\t\t<\/section>\n\t\t\t\t<section class=\"elementor-section elementor-inner-section elementor-element elementor-element-5089914 elementor-section-boxed elementor-section-height-default elementor-section-height-default\" data-id=\"5089914\" data-element_type=\"section\">\n\t\t\t\t\t\t<div class=\"elementor-container elementor-column-gap-no\">\n\t\t\t\t\t<div class=\"elementor-column elementor-col-33 elementor-inner-column elementor-element elementor-element-9b53849\" data-id=\"9b53849\" data-element_type=\"column\">\n\t\t\t<div class=\"elementor-widget-wrap\">\n\t\t\t\t\t\t\t<\/div>\n\t\t<\/div>\n\t\t\t\t<div class=\"elementor-column elementor-col-33 elementor-inner-column elementor-element elementor-element-8ae9df4\" data-id=\"8ae9df4\" data-element_type=\"column\">\n\t\t\t<div class=\"elementor-widget-wrap\">\n\t\t\t\t\t\t\t<\/div>\n\t\t<\/div>\n\t\t\t\t<div class=\"elementor-column elementor-col-33 elementor-inner-column elementor-element elementor-element-1a0ed93\" data-id=\"1a0ed93\" data-element_type=\"column\">\n\t\t\t<div class=\"elementor-widget-wrap\">\n\t\t\t\t\t\t\t<\/div>\n\t\t<\/div>\n\t\t\t\t\t<\/div>\n\t\t<\/section>\n\t\t\t\t\t<\/div>\n\t\t<\/div>\n\t\t\t\t\t<\/div>\n\t\t<\/section>\n\t\t\t\t<\/div>\n\t\t","protected":false},"excerpt":{"rendered":"<p>Poznaj nasz zesp\u00f3\u0142 \u2013 serce Pozytywnych w Nieruchomo\u015bciach Za sukcesem ka\u017cdej udanej transakcji stoj\u0105 ludzie \u2013 pe\u0142ni pasji, zaanga\u017cowania i pozytywnej energii. W\u0142a\u015bnie tacy jeste\u015bmy. Zesp\u00f3\u0142\u00a0Pozytywnych w Nieruchomo\u015bciach\u00a0to grupa do\u015bwiadczonych profesjonalist\u00f3w, kt\u00f3rych \u0142\u0105czy nie tylko zami\u0142owanie do nieruchomo\u015bci, ale przede wszystkim ch\u0119\u0107 pomagania ludziom w realizacji ich marze\u0144 o idealnym miejscu do \u017cycia czy prowadzenia &hellip;<\/p>\n<p class=\"read-more\"> <a class=\"\" href=\"https:\/\/pozytywni.com.pl\/cms\/index.php\/zespol\/\"> <span class=\"screen-reader-text\">Zesp\u00f3\u0142<\/span> Read More &raquo;<\/a><\/p>\n","protected":false},"author":1,"featured_media":0,"parent":0,"menu_order":0,"comment_status":"closed","ping_status":"closed","template":"","meta":{"site-sidebar-layout":"no-sidebar","site-content-layout":"page-builder","ast-global-header-display":"","ast-main-header-display":"","ast-hfb-above-header-display":"","ast-hfb-below-header-display":"","ast-hfb-mobile-header-display":"","site-post-title":"disabled","ast-breadcrumbs-content":"","ast-featured-img":"disabled","footer-sml-layout":"","theme-transparent-header-meta":"enabled","adv-header-id-meta":"","stick-header-meta":"","header-above-stick-meta":"","header-main-stick-meta":"","header-below-stick-meta":"","footnotes":""},"class_list":["post-1184","page","type-page","status-publish","hentry"],"_links":{"self":[{"href":"https:\/\/pozytywni.com.pl\/cms\/index.php\/wp-json\/wp\/v2\/pages\/1184","targetHints":{"allow":["GET"]}}],"collection":[{"href":"https:\/\/pozytywni.com.pl\/cms\/index.php\/wp-json\/wp\/v2\/pages"}],"about":[{"href":"https:\/\/pozytywni.com.pl\/cms\/index.php\/wp-json\/wp\/v2\/types\/page"}],"author":[{"embeddable":true,"href":"https:\/\/pozytywni.com.pl\/cms\/index.php\/wp-json\/wp\/v2\/users\/1"}],"replies":[{"embeddable":true,"href":"https:\/\/pozytywni.com.pl\/cms\/index.php\/wp-json\/wp\/v2\/comments?post=1184"}],"version-history":[{"count":65,"href":"https:\/\/pozytywni.com.pl\/cms\/index.php\/wp-json\/wp\/v2\/pages\/1184\/revisions"}],"predecessor-version":[{"id":1486,"href":"https:\/\/pozytywni.com.pl\/cms\/index.php\/wp-json\/wp\/v2\/pages\/1184\/revisions\/1486"}],"wp:attachment":[{"href":"https:\/\/pozytywni.com.pl\/cms\/index.php\/wp-json\/wp\/v2\/media?parent=1184"}],"curies":[{"name":"wp","href":"https:\/\/api.w.org\/{rel}","templated":true}]}}